{"id":82,"date":"2019-07-24T13:08:39","date_gmt":"2019-07-24T11:08:39","guid":{"rendered":"http:\/\/obonjan.com\/?page_id=82"},"modified":"2021-05-18T20:12:38","modified_gmt":"2021-05-18T18:12:38","slug":"imprint","status":"publish","type":"page","link":"https:\/\/obonjan.com\/index.php\/imprint\/","title":{"rendered":"IMPRINT"},"content":{"rendered":"<p>[et_pb_section fb_built=&#8220;1&#8243; admin_label=&#8220;IMPRINT&#8220; _builder_version=&#8220;3.25.4&#8243;][et_pb_row _builder_version=&#8220;3.25.4&#8243; custom_padding=&#8220;81px||&#8220;][et_pb_column type=&#8220;4_4&#8243; _builder_version=&#8220;3.25.4&#8243;][et_pb_text admin_label=&#8220;IMPRINT&#8220; _builder_version=&#8220;3.27.4&#8243; header_font=&#8220;||||||||&#8220; header_2_font=&#8220;Josefin Sans Regular||||||||&#8220; header_2_text_color=&#8220;#716F6F&#8220; header_2_font_size=&#8220;65px&#8220; custom_margin=&#8220;-49px||&#8220; header_2_font_size_tablet=&#8220;45px&#8220; header_2_font_size_phone=&#8220;&#8220; header_2_font_size_last_edited=&#8220;on|desktop&#8220;]<\/p>\n<h2 style=\"text-align: left;\">IMPRINT \/ IMPRESSUM<\/h2>\n<p>[\/et_pb_text][\/et_pb_column][\/et_pb_row][et_pb_row column_structure=&#8220;3_5,2_5&#8243; _builder_version=&#8220;3.25.4&#8243;][et_pb_column type=&#8220;3_5&#8243; _builder_version=&#8220;3.25.4&#8243;][et_pb_text admin_label=&#8220;Located in Dalmatia \/ Croatia&#8220; _builder_version=&#8220;3.27.4&#8243; text_font=&#8220;Josefin Sans Regular||||||||&#8220; text_text_color=&#8220;#716F6F&#8220; text_font_size=&#8220;18px&#8220; header_font=&#8220;||||||||&#8220; header_2_font=&#8220;Georgia Script||||||||&#8220; header_2_font_size=&#8220;100px&#8220; header_3_font=&#8220;Josefin Sans Bold|||on|||||&#8220; header_3_text_color=&#8220;#716F6F&#8220; header_3_letter_spacing=&#8220;8px&#8220; custom_margin=&#8220;51px|||13px&#8220;]<\/p>\n<h3>Angaben gem\u00e4\u00df \u00a7 5 TMG:<\/h3>\n<p>Servicebroker GmbH<br \/>Watzmannstr. 11<br \/>81541 M\u00fcnchen<\/p>\n<h3>Vertreten durch:<\/h3>\n<p>Herrn Dominik Marko\u010d<\/p>\n<h3>Kontakt:<\/h3>\n<p>Telefon: +49(0)89 \/ 60068060<br \/>E-Mail: info@servicebroker.de<\/p>\n<h3>Umsatzsteuer:<\/h3>\n<p>Umsatzsteuer-Identifikationsnummer gem\u00e4\u00df \u00a727 a Umsatzsteuergesetz:<br \/>USt. &#8211; IdNr.: De223991211<\/p>\n<p>HRB 143522, Handelsregister B M\u00fcnchen<\/p>\n<h3><span style=\"font-family: inherit; font-weight: normal;\">Streitschlichtung<\/span><\/h3>\n<p>Die Europ\u00e4ische Kommission stellt eine Plattform zur Online-Streitbeilegung (OS) bereit: <a href=\"https:\/\/ec.europa.eu\/consumers\/odr\" target=\"_blank\" rel=\"noopener\">https:\/\/ec.europa.eu\/consumers\/odr<\/a>.<br \/>Unsere E-Mail-Adresse finden Sie oben im Impressum.\u00a0Wir sind nicht bereit oder verpflichtet, an Streitbeilegungsverfahren vor einer Verbraucherschlichtungsstelle teilzunehmen.<\/p>\n<h3>Haftung f\u00fcr Inhalte<\/h3>\n<p>Als Diensteanbieter sind wir gem\u00e4\u00df \u00a7 7 Abs.1 TMG f\u00fcr eigene Inhalte auf diesen Seiten nach den allgemeinen Gesetzen verantwortlich. Nach \u00a7\u00a7 8 bis 10 TMG sind wir als Diensteanbieter jedoch nicht verpflichtet, \u00fcbermittelte oder gespeicherte fremde Informationen zu \u00fcberwachen oder nach Umst\u00e4nden zu forschen, die auf eine rechtswidrige T\u00e4tigkeit hinweisen.\u00a0Verpflichtungen zur Entfernung oder Sperrung der Nutzung von Informationen nach den allgemeinen Gesetzen bleiben hiervon unber\u00fchrt. Eine diesbez\u00fcgliche Haftung ist jedoch erst ab dem Zeitpunkt der Kenntnis einer konkreten Rechtsverletzung m\u00f6glich. Bei Bekanntwerden von entsprechenden Rechtsverletzungen werden wir diese Inhalte umgehend entfernen.<\/p>\n<h3>Haftung f\u00fcr Links<\/h3>\n<p>Unser Angebot enth\u00e4lt Links zu externen Websites Dritter, auf deren Inhalte wir keinen Einfluss haben. Deshalb k\u00f6nnen wir f\u00fcr diese fremden Inhalte auch keine Gew\u00e4hr \u00fcbernehmen. F\u00fcr die Inhalte der verlinkten Seiten ist stets der jeweilige Anbieter oder Betreiber der Seiten verantwortlich. Die verlinkten Seiten wurden zum Zeitpunkt der Verlinkung auf m\u00f6gliche Rechtsverst\u00f6\u00dfe \u00fcberpr\u00fcft.\u00a0Rechtswidrige Inhalte waren zum Zeitpunkt der Verlinkung nicht erkennbar.\u00a0Eine permanente inhaltliche Kontrolle der verlinkten Seiten ist jedoch ohne konkrete Anhaltspunkte einer Rechtsverletzung\u00a0nicht zumutbar. Bei Bekanntwerden von Rechtsverletzungen werden wir derartige Links umgehend entfernen.<\/p>\n<h3>Urheberrecht<\/h3>\n<p>Die durch die Seitenbetreiber erstellten Inhalte und Werke auf diesen Seiten unterliegen dem deutschen Urheberrecht. Die Vervielf\u00e4ltigung, Bearbeitung, Verbreitung und jede Art der Verwertung au\u00dferhalb der Grenzen des Urheberrechtes bed\u00fcrfen der schriftlichen Zustimmung des jeweiligen Autors bzw. Erstellers. Downloads und Kopien dieser Seite\u00a0sind nur f\u00fcr den privaten, nicht kommerziellen Gebrauch gestattet.<\/p>\n<p>Soweit die Inhalte auf dieser Seite nicht vom Betreiber erstellt wurden, werden die Urheberrechte Dritter beachtet. Insbesondere\u00a0werden Inhalte Dritter als solche gekennzeichnet. Sollten Sie trotzdem auf eine Urheberrechtsverletzung aufmerksam werden, bitten wir um einen entsprechenden Hinweis. Bei Bekanntwerden von Rechtsverletzungen werden wir derartige Inhalte umgehend entfernen.<\/p>\n<p>&nbsp;<\/p>\n<p>[\/et_pb_text][\/et_pb_column][et_pb_column type=&#8220;2_5&#8243; _builder_version=&#8220;3.25.4&#8243;][\/et_pb_column][\/et_pb_row][\/et_pb_section][et_pb_section fb_built=&#8220;1&#8243; admin_label=&#8220;FOOTER CUSTOM&#8220; _builder_version=&#8220;3.25.4&#8243; custom_margin=&#8220;18px|||||&#8220; global_module=&#8220;119&#8243; saved_tabs=&#8220;all&#8220;][et_pb_row _builder_version=&#8220;4.4.3&#8243;][et_pb_column type=&#8220;4_4&#8243; _builder_version=&#8220;3.25.4&#8243;][et_pb_text admin_label=&#8220;SUBHEADLINE&#8220; _builder_version=&#8220;4.4.3&#8243; header_font=&#8220;||||||||&#8220; header_2_font=&#8220;Georgia Script||||||||&#8220; header_2_font_size=&#8220;100px&#8220; header_3_font=&#8220;Josefin Bold 2020|||on|||||&#8220; header_3_text_color=&#8220;#716F6F&#8220; header_3_letter_spacing=&#8220;8px&#8220; custom_margin=&#8220;-35px|||13px&#8220;]<\/p>\n<h3 style=\"text-align: right;\"><a href=\"http:\/\/obonjan.com\/index.php\/privacy\">PRIVACY\u00a0<\/a> <a href=\"http:\/\/obonjan.com\/index.php\/imprint\">IMPRINT\u00a0<\/a> <a href=\"http:\/\/obonjan.com\/index.php\/agb\">AGB\u00a0<\/a> <a href=\"mailto:contact@obonjan.com\">CONTACT<\/a><\/h3>\n<p>[\/et_pb_text][\/et_pb_column][\/et_pb_row][\/et_pb_section]<\/p>\n","protected":false},"excerpt":{"rendered":"<p>[et_pb_section fb_built=&#8220;1&#8243; admin_label=&#8220;IMPRINT&#8220; _builder_version=&#8220;3.25.4&#8243;][et_pb_row _builder_version=&#8220;3.25.4&#8243; custom_padding=&#8220;81px||&#8220;][et_pb_column type=&#8220;4_4&#8243; _builder_version=&#8220;3.25.4&#8243;][et_pb_text admin_label=&#8220;IMPRINT&#8220; _builder_version=&#8220;3.27.4&#8243; header_font=&#8220;||||||||&#8220; header_2_font=&#8220;Josefin Sans Regular||||||||&#8220; header_2_text_color=&#8220;#716F6F&#8220; header_2_font_size=&#8220;65px&#8220; custom_margin=&#8220;-49px||&#8220; header_2_font_size_tablet=&#8220;45px&#8220; header_2_font_size_phone=&#8220;&#8220; header_2_font_size_last_edited=&#8220;on|desktop&#8220;] IMPRINT \/ IMPRESSUM [\/et_pb_text][\/et_pb_column][\/et_pb_row][et_pb_row column_structure=&#8220;3_5,2_5&#8243; _builder_version=&#8220;3.25.4&#8243;][et_pb_column type=&#8220;3_5&#8243; _builder_version=&#8220;3.25.4&#8243;][et_pb_text admin_label=&#8220;Located in Dalmatia \/ Croatia&#8220; _builder_version=&#8220;3.27.4&#8243; text_font=&#8220;Josefin Sans Regular||||||||&#8220; text_text_color=&#8220;#716F6F&#8220; text_font_size=&#8220;18px&#8220; header_font=&#8220;||||||||&#8220; header_2_font=&#8220;Georgia Script||||||||&#8220; header_2_font_size=&#8220;100px&#8220; header_3_font=&#8220;Josefin Sans Bold|||on|||||&#8220; header_3_text_color=&#8220;#716F6F&#8220; header_3_letter_spacing=&#8220;8px&#8220; custom_margin=&#8220;51px|||13px&#8220;] Angaben gem\u00e4\u00df \u00a7 5 TMG: Servicebroker [&hellip;]<\/p>\n","protected":false},"author":1,"featured_media":0,"parent":0,"menu_order":0,"comment_status":"closed","ping_status":"closed","template":"page-template-blank.php","meta":{"_et_pb_use_builder":"on","_et_pb_old_content":"","_et_gb_content_width":"","footnotes":""},"yoast_head":"<!-- This site is optimized with the Yoast SEO plugin v22.9 - https:\/\/yoast.com\/wordpress\/plugins\/seo\/ -->\n<title>IMPRINT - Obonjan<\/title>\n<meta name=\"robots\" content=\"index, follow, max-snippet:-1, max-image-preview:large, max-video-preview:-1\" \/>\n<link rel=\"canonical\" href=\"https:\/\/obonjan.com\/index.php\/imprint\/\" \/>\n<meta property=\"og:locale\" content=\"de_DE\" \/>\n<meta property=\"og:type\" content=\"article\" \/>\n<meta property=\"og:title\" content=\"IMPRINT - Obonjan\" \/>\n<meta property=\"og:description\" content=\"[et_pb_section fb_built=&#8220;1&#8243; admin_label=&#8220;IMPRINT&#8220; _builder_version=&#8220;3.25.4&#8243;][et_pb_row _builder_version=&#8220;3.25.4&#8243; custom_padding=&#8220;81px||&#8220;][et_pb_column type=&#8220;4_4&#8243; _builder_version=&#8220;3.25.4&#8243;][et_pb_text admin_label=&#8220;IMPRINT&#8220; _builder_version=&#8220;3.27.4&#8243; header_font=&#8220;||||||||&#8220; header_2_font=&#8220;Josefin Sans Regular||||||||&#8220; header_2_text_color=&#8220;#716F6F&#8220; header_2_font_size=&#8220;65px&#8220; custom_margin=&#8220;-49px||&#8220; header_2_font_size_tablet=&#8220;45px&#8220; header_2_font_size_phone=&#8220;&#8220; header_2_font_size_last_edited=&#8220;on|desktop&#8220;] IMPRINT \/ IMPRESSUM [\/et_pb_text][\/et_pb_column][\/et_pb_row][et_pb_row column_structure=&#8220;3_5,2_5&#8243; _builder_version=&#8220;3.25.4&#8243;][et_pb_column type=&#8220;3_5&#8243; _builder_version=&#8220;3.25.4&#8243;][et_pb_text admin_label=&#8220;Located in Dalmatia \/ Croatia&#8220; _builder_version=&#8220;3.27.4&#8243; text_font=&#8220;Josefin Sans Regular||||||||&#8220; text_text_color=&#8220;#716F6F&#8220; text_font_size=&#8220;18px&#8220; header_font=&#8220;||||||||&#8220; header_2_font=&#8220;Georgia Script||||||||&#8220; header_2_font_size=&#8220;100px&#8220; header_3_font=&#8220;Josefin Sans Bold|||on|||||&#8220; header_3_text_color=&#8220;#716F6F&#8220; header_3_letter_spacing=&#8220;8px&#8220; custom_margin=&#8220;51px|||13px&#8220;] Angaben gem\u00e4\u00df \u00a7 5 TMG: Servicebroker [&hellip;]\" \/>\n<meta property=\"og:url\" content=\"https:\/\/obonjan.com\/index.php\/imprint\/\" \/>\n<meta property=\"og:site_name\" content=\"Obonjan\" \/>\n<meta property=\"article:publisher\" content=\"http:\/\/obonjan.com\/\" \/>\n<meta property=\"article:modified_time\" content=\"2021-05-18T18:12:38+00:00\" \/>\n<meta name=\"twitter:card\" content=\"summary_large_image\" \/>\n<meta name=\"twitter:label1\" content=\"Gesch\u00e4tzte Lesezeit\" \/>\n\t<meta name=\"twitter:data1\" content=\"3\u00a0Minuten\" \/>\n<script type=\"application\/ld+json\" class=\"yoast-schema-graph\">{\"@context\":\"https:\/\/schema.org\",\"@graph\":[{\"@type\":\"WebPage\",\"@id\":\"https:\/\/obonjan.com\/index.php\/imprint\/\",\"url\":\"https:\/\/obonjan.com\/index.php\/imprint\/\",\"name\":\"IMPRINT - Obonjan\",\"isPartOf\":{\"@id\":\"https:\/\/obonjan.com\/#website\"},\"datePublished\":\"2019-07-24T11:08:39+00:00\",\"dateModified\":\"2021-05-18T18:12:38+00:00\",\"breadcrumb\":{\"@id\":\"https:\/\/obonjan.com\/index.php\/imprint\/#breadcrumb\"},\"inLanguage\":\"de\",\"potentialAction\":[{\"@type\":\"ReadAction\",\"target\":[\"https:\/\/obonjan.com\/index.php\/imprint\/\"]}]},{\"@type\":\"BreadcrumbList\",\"@id\":\"https:\/\/obonjan.com\/index.php\/imprint\/#breadcrumb\",\"itemListElement\":[{\"@type\":\"ListItem\",\"position\":1,\"name\":\"Startseite\",\"item\":\"https:\/\/obonjan.com\/\"},{\"@type\":\"ListItem\",\"position\":2,\"name\":\"IMPRINT\"}]},{\"@type\":\"WebSite\",\"@id\":\"https:\/\/obonjan.com\/#website\",\"url\":\"https:\/\/obonjan.com\/\",\"name\":\"Obonjan\",\"description\":\"Your exclusive Event Island\",\"publisher\":{\"@id\":\"https:\/\/obonjan.com\/#organization\"},\"potentialAction\":[{\"@type\":\"SearchAction\",\"target\":{\"@type\":\"EntryPoint\",\"urlTemplate\":\"https:\/\/obonjan.com\/?s={search_term_string}\"},\"query-input\":\"required name=search_term_string\"}],\"inLanguage\":\"de\"},{\"@type\":\"Organization\",\"@id\":\"https:\/\/obonjan.com\/#organization\",\"name\":\"Obonjan Event Island\",\"url\":\"https:\/\/obonjan.com\/\",\"logo\":{\"@type\":\"ImageObject\",\"inLanguage\":\"de\",\"@id\":\"https:\/\/obonjan.com\/#\/schema\/logo\/image\/\",\"url\":\"https:\/\/obonjan.com\/wp-content\/uploads\/2019\/07\/Obonjan_Island.png\",\"contentUrl\":\"https:\/\/obonjan.com\/wp-content\/uploads\/2019\/07\/Obonjan_Island.png\",\"width\":731,\"height\":464,\"caption\":\"Obonjan Event Island\"},\"image\":{\"@id\":\"https:\/\/obonjan.com\/#\/schema\/logo\/image\/\"},\"sameAs\":[\"http:\/\/obonjan.com\/\"]}]}<\/script>\n<!-- \/ Yoast SEO plugin. -->","yoast_head_json":{"title":"IMPRINT - Obonjan","robots":{"index":"index","follow":"follow","max-snippet":"max-snippet:-1","max-image-preview":"max-image-preview:large","max-video-preview":"max-video-preview:-1"},"canonical":"https:\/\/obonjan.com\/index.php\/imprint\/","og_locale":"de_DE","og_type":"article","og_title":"IMPRINT - Obonjan","og_description":"[et_pb_section fb_built=&#8220;1&#8243; admin_label=&#8220;IMPRINT&#8220; _builder_version=&#8220;3.25.4&#8243;][et_pb_row _builder_version=&#8220;3.25.4&#8243; custom_padding=&#8220;81px||&#8220;][et_pb_column type=&#8220;4_4&#8243; _builder_version=&#8220;3.25.4&#8243;][et_pb_text admin_label=&#8220;IMPRINT&#8220; _builder_version=&#8220;3.27.4&#8243; header_font=&#8220;||||||||&#8220; header_2_font=&#8220;Josefin Sans Regular||||||||&#8220; header_2_text_color=&#8220;#716F6F&#8220; header_2_font_size=&#8220;65px&#8220; custom_margin=&#8220;-49px||&#8220; header_2_font_size_tablet=&#8220;45px&#8220; header_2_font_size_phone=&#8220;&#8220; header_2_font_size_last_edited=&#8220;on|desktop&#8220;] IMPRINT \/ IMPRESSUM [\/et_pb_text][\/et_pb_column][\/et_pb_row][et_pb_row column_structure=&#8220;3_5,2_5&#8243; _builder_version=&#8220;3.25.4&#8243;][et_pb_column type=&#8220;3_5&#8243; _builder_version=&#8220;3.25.4&#8243;][et_pb_text admin_label=&#8220;Located in Dalmatia \/ Croatia&#8220; _builder_version=&#8220;3.27.4&#8243; text_font=&#8220;Josefin Sans Regular||||||||&#8220; text_text_color=&#8220;#716F6F&#8220; text_font_size=&#8220;18px&#8220; header_font=&#8220;||||||||&#8220; header_2_font=&#8220;Georgia Script||||||||&#8220; header_2_font_size=&#8220;100px&#8220; header_3_font=&#8220;Josefin Sans Bold|||on|||||&#8220; header_3_text_color=&#8220;#716F6F&#8220; header_3_letter_spacing=&#8220;8px&#8220; custom_margin=&#8220;51px|||13px&#8220;] Angaben gem\u00e4\u00df \u00a7 5 TMG: Servicebroker [&hellip;]","og_url":"https:\/\/obonjan.com\/index.php\/imprint\/","og_site_name":"Obonjan","article_publisher":"http:\/\/obonjan.com\/","article_modified_time":"2021-05-18T18:12:38+00:00","twitter_card":"summary_large_image","twitter_misc":{"Gesch\u00e4tzte Lesezeit":"3\u00a0Minuten"},"schema":{"@context":"https:\/\/schema.org","@graph":[{"@type":"WebPage","@id":"https:\/\/obonjan.com\/index.php\/imprint\/","url":"https:\/\/obonjan.com\/index.php\/imprint\/","name":"IMPRINT - Obonjan","isPartOf":{"@id":"https:\/\/obonjan.com\/#website"},"datePublished":"2019-07-24T11:08:39+00:00","dateModified":"2021-05-18T18:12:38+00:00","breadcrumb":{"@id":"https:\/\/obonjan.com\/index.php\/imprint\/#breadcrumb"},"inLanguage":"de","potentialAction":[{"@type":"ReadAction","target":["https:\/\/obonjan.com\/index.php\/imprint\/"]}]},{"@type":"BreadcrumbList","@id":"https:\/\/obonjan.com\/index.php\/imprint\/#breadcrumb","itemListElement":[{"@type":"ListItem","position":1,"name":"Startseite","item":"https:\/\/obonjan.com\/"},{"@type":"ListItem","position":2,"name":"IMPRINT"}]},{"@type":"WebSite","@id":"https:\/\/obonjan.com\/#website","url":"https:\/\/obonjan.com\/","name":"Obonjan","description":"Your exclusive Event Island","publisher":{"@id":"https:\/\/obonjan.com\/#organization"},"potentialAction":[{"@type":"SearchAction","target":{"@type":"EntryPoint","urlTemplate":"https:\/\/obonjan.com\/?s={search_term_string}"},"query-input":"required name=search_term_string"}],"inLanguage":"de"},{"@type":"Organization","@id":"https:\/\/obonjan.com\/#organization","name":"Obonjan Event Island","url":"https:\/\/obonjan.com\/","logo":{"@type":"ImageObject","inLanguage":"de","@id":"https:\/\/obonjan.com\/#\/schema\/logo\/image\/","url":"https:\/\/obonjan.com\/wp-content\/uploads\/2019\/07\/Obonjan_Island.png","contentUrl":"https:\/\/obonjan.com\/wp-content\/uploads\/2019\/07\/Obonjan_Island.png","width":731,"height":464,"caption":"Obonjan Event Island"},"image":{"@id":"https:\/\/obonjan.com\/#\/schema\/logo\/image\/"},"sameAs":["http:\/\/obonjan.com\/"]}]}},"_links":{"self":[{"href":"https:\/\/obonjan.com\/index.php\/wp-json\/wp\/v2\/pages\/82"}],"collection":[{"href":"https:\/\/obonjan.com\/index.php\/wp-json\/wp\/v2\/pages"}],"about":[{"href":"https:\/\/obonjan.com\/index.php\/wp-json\/wp\/v2\/types\/page"}],"author":[{"embeddable":true,"href":"https:\/\/obonjan.com\/index.php\/wp-json\/wp\/v2\/users\/1"}],"replies":[{"embeddable":true,"href":"https:\/\/obonjan.com\/index.php\/wp-json\/wp\/v2\/comments?post=82"}],"version-history":[{"count":0,"href":"https:\/\/obonjan.com\/index.php\/wp-json\/wp\/v2\/pages\/82\/revisions"}],"wp:attachment":[{"href":"https:\/\/obonjan.com\/index.php\/wp-json\/wp\/v2\/media?parent=82"}],"curies":[{"name":"wp","href":"https:\/\/api.w.org\/{rel}","templated":true}]}}